when 418 is divided by 7?
5
What is the remainder when 5 is divided by 2?
1
What is the remainder when 79 is divided by 10?
9
What is the remainder when 622 is divided by 599?
23
What is the remainder when 172 is divided by 78?
16
What is the remainder when 1058 is divided by 20?
18
What is the remainder when 202 is divided by 12?
10
Calculate the remainder when 309 is divided by 147.
15
What is the remainder when 360 is divided by 41?
32
What is the remainder when 70 is divided by 21?
7
What is the remainder when 860 is divided by 608?
252
What is the remainder when 261 is divided by 31?
13
Calculate the remainder when 124 is divided by 9.
7
Calculate the remainder when 362 is divided by 28.
26
What is the remainder when 154 is divided by 29?
9
Calculate the remainder when 123 is divided by 43.
37
What is the remainder when 3087 is divided by 36?
27
What is the remainder when 256 is divided by 65?
61
Calculate the remainder when 172 is divided by 164.
8
Calculate the remainder when 190 is divided by 32.
30
What is the remainder when 239 is divided by 8?
7
Calculate the remainder when 54 is divided by 20.
14
Calculate the remainder when 769 is divided by 86.
81
Calculate the remainder when 669 is divided by 10.
9
What is the remainder when 64 is divided by 25?
14
Calculate the remainder when 261 is divided by 88.
85
What is the remainder when 135 is divided by 9?
0
What is the remainder when 2339 is divided by 69?
62
Calculate the remainder when 414 is divided by 83.
82
What is the remainder when 2122 is divided by 11?
10
What is the remainder when 126 is divided by 24?
6
What is the remainder when 157 is divided by 29?
12
Calculate the remainder when 754 is divided by 12.
10
Calculate the remainder when 2013 is divided by 62.
29
Calculate the remainder when 2716 is divided by 1.
0
What is the remainder when 284 is divided by 41?
38
What is the remainder when 180 is divided by 47?
39
Calculate the remainder when 802 is divided by 38.
4
What is the remainder when 279 is divided by 3?
0
Calculate the remainder when 3363 is divided by 34.
31
Calculate the remainder when 52 is divided by 8.
4
What is the remainder when 124 is divided by 37?
13
What is the remainder when 878 is divided by 55?
53
Calculate the remainder when 2973 is divided by 175.
173
What is the remainder when 74 is divided by 63?
11
Calculate the remainder when 183 is divided by 2.
1
Calculate the remainder when 225 is divided by 51.
21
Calculate the remainder when 266 is divided by 17.
11
What is the remainder when 5997 is divided by 150?
147
What is the remainder when 155 is divided by 16?
11
What is the remainder when 352 is divided by 21?
16
What is the remainder when 287 is divided by 151?
136
Calculate the remainder when 13843 is divided by 227.
223
What is the remainder when 7827 is divided by 49?
36
What is the remainder when 2979 is divided by 1485?
9
Calculate the remainder when 327 is divided by 62.
17
Calculate the remainder when 637 is divided by 58.
57
What is the remainder when 146 is divided by 124?
22
Calculate the remainder when 197 is divided by 11.
10
What is the remainder when 873 is divided by 23?
22
What is the remainder when 1802 is divided by 31?
4
Calculate the remainder when 10134 is divided by 181.
179
Calculate the remainder when 2769 is divided by 44.
41
Calculate the remainder when 2048 is divided by 82.
80
What is the remainder when 1050 is divided by 17?
13
Calculate the remainder when 3752 is divided by 117.
8
What is the remainder when 471 is divided by 92?
11
What is the remainder when 4393 is divided by 26?
25
Calculate the remainder when 1096 is divided by 157.
154
What is the remainder when 237 is divided by 74?
15
What is the remainder when 184 is divided by 105?
79
Calculate the remainder when 63 is divided by 50.
13
Calculate the remainder when 1005 is divided by 42.
39
What is the remainder when 7544 is divided by 15?
14
Calculate the remainder when 564 is divided by 133.
32
Calculate the remainder when 339 is divided by 11.
9
Calculate the remainder when 742 is divided by 85.
62
Calculate the remainder when 109 is divided by 18.
1
What is the remainder when 105 is divided by 83?
22
Calculate the remainder when 81 is divided by 52.
29
What is the remainder when 534 is divided by 20?
14
What is the remainder when 108 is divided by 57?
51
Calculate the remainder when 821 is divided by 75.
71
What is the remainder when 8201 is divided by 14?
11
Calculate the remainder when 893 is divided by 69.
65
What is the remainder when 794 is divided by 4?
2
Calculate the remainder when 84 is divided by 17.
16
What is the remainder when 207 is divided by 52?
51
What is the remainder when 3422 is divided by 1137?
11
What is the remainder when 215 is divided by 102?
11
What is the remainder when 1434 is divided by 478?
0
Calculate the remainder when 28 is divided by 17.
11
Calculate the remainder when 1665 is divided by 24.
9
Calculate the remainder when 366 is divided by 130.
106
Calculate the remainder when 2574 is divided by 7.
5
What is the remainder when 131 is divided by 2?
1
What is the remainder when 143 is divided by 29?
27
Calculate the remainder when 170 is divided by 60.
50
Calculate the remainder when 105 is divided by 22.
17
What is the remainder when 395 is divided by 101?
92
What is the remainder when 3595 is divided by 30?
25
Calculate the remainder when 1986 is divided by 51.
48
Calculate the remainder when 2433 is divided by 90.
3
Calculate the remainder when 4977 is divided by 131.
130
Calculate the remainder when 167 is divided by 119.
48
What is the remainder when 13 is divided by 12?
1
Calculate the remainder when 3693 is divided by 22.
19
Calculate the remainder when 155 is divided by 66.
23
Calculate the remainder when 3944 is divided by 26.
18
Calculate the remainder when 503 is divided by 56.
55
What is the remainder when 184 is divided by 41?
20
What is the remainder when 50 is divided by 26?
24
Calculate the remainder when 567 is divided by 22.
17
Calculate the remainder when 428 is divided by 22.
10
What is the remainder when 897 is divided by 20?
17
Calculate the remainder when 12541 is divided by 14.
11
Calculate the remainder when 103 is divided by 17.
1
Calculate the remainder when 411 is divided by 83.
79
Calculate the remainder when 1476 is divided by 40.
36
What is the remainder when 5569 is divided by 14?
11
Calculate the remainder when 28 is divided by 8.
4
Calculate the remainder when 446 is divided by 29.
11
Calculate the remainder when 210 is divided by 31.
24
What is the remainder when 571 is divided by 85?
61
Calculate the remainder when 198 is divided by 25.
23
What is the remainder when 15 is divided by 6?
3
Calculate the remainder when 96 is divided by 74.
22
Calculate the remainder when 1701 is divided by 553.
42
What is the remainder when 181 is divided by 90?
1
What is the remainder when 622 is divided by 24?
22
What is the remainder when 251 is divided by 82?
5
What is the remainder when 27 is divided by 16?
11
Calculate the remainder when 4854 is divided by 106.
84
Calculate the remainder when 166 is divided by 13.
10
What is the remainder when 259 is divided by 86?
1
What is the remainder when 24821 is divided by 103?
101
Calculate the remainder when 36 is divided by 4.
0
Calculate the remainder when 2290 is divided by 27.
22
Calculate the remainder when 95 is divided by 76.
19
What is the remainder when 12 is divided by 10?
2
Calculate the remainder when 15 is divided by 9.
6
What is the remainder when 10171 is divided by 55?
51
What is the remainder when 279 is divided by 33?
15
What is the remainder when 329 is divided by 84?
77
Calculate the remainder when 217 is divided by 57.
46
Calculate the remainder when 1176 is divided by 11.
10
What is the remainder when 796 is divided by 250?
46
Calculate the remainder when 193 is divided by 22.
17
Calculate the remainder when 105 is divided by 32.
9
What is the remainder when 209 is divided by 80?
49
What is the remainder when 37 is divided by 34?
3
Calculate the remainder when 94 is divided by 47.
0
What is the remainder when 26 is divided by 11?
4
What is the remainder when 195 is divided by 51?
42
What is the remainder when 49 is divided by 38?
11
